6 = 190*y. What are the prime factors of y?
2, 3, 31
Let g(a) = a**3 + 3*a**2. Let h be g(-2). Suppose 4*s + 68 = h*l, -4*l + l - 2*s = -26. What are the prime factors of l?
2, 3
Let j be (-1)/3 - 66/(-9). Let x = -5 - -14. Let y = x - j. List the prime factors of y.
2
Let t(y) = y**2 - 6*y + 3. Let d be t(6). Let p = 4 - d. Suppose -p = o + 2*u, -u = -5*o + 3*u + 51. What are the prime factors of o?
7
Let t(a) = a**3 - 5*a**2 - 7*a + 17. Let v be t(-5). Let m = -86 - v. List the prime factors of m.
2, 7
Let z(h) = h**3 + 4*h**2 - 6*h + 3. Let r be z(-5). Let x be (8/(-5))/(r/(-20)). Suppose 2*v - 5*w = 39, -x*v + 15 + 70 = -3*w. List the prime factors of v.
2, 11
Suppose 0 + 6 = 2*q + 2*g, 2*g - 24 = -5*q. Suppose 19 + q = -5*c. List the prime factors of (-208)/c - (-14)/35.
2, 3, 7
Suppose n + 2 = 2*n. Suppose 3*x - 111 = -4*v, -5*v - x = n*x - 141. Suppose -3*p = -3*d + v, -5*p + 19 = 4. What are the prime factors of d?
13
Let s(p) = p**2 - 8*p + 24. Let q be s(7). Suppose -11*h = -q*h + 462. What are the prime factors of h?
7, 11
Let f be (9 + -9)*1/(-2). Suppose f = -4*u + 5*u - 5. Suppose u*v - 49 = -4*c + 71, -4*c + 128 = 3*v. List the prime factors of c.
5, 7
Let z(j) = -27*j + 6 + 14*j**2 + 0*j**3 - j**3 + 0*j**3 + 0*j**3. List the prime factors of z(8).
2, 3, 29
Let z(w) = w**2 - 3*w + 13. Let u = 77 - 86. What are the prime factors of z(u)?
11
Suppose -747 = -4*j + 2*s + 2141, 4*j - s = 2884. What are the prime factors of j?
2, 3, 5
Let f be (-66)/4 + 13/26. Let l = f - -19. Let a(u) = u**3 - 4*u**2 + 4*u. What are the prime factors of a(l)?
3
Suppose 85*d - 6412 = 78*d. List the prime factors of d.
2, 229
Let x(m) be the third derivative of -m**4/6 - m**3/2 - m**2. Suppose 0 = -l - 4*t - 5, 5*t = -l - 2*l - 22. List the prime factors of x(l).
3, 11
Suppose -2*y + 11 + 13 = 0. Suppose -y*j - 252 = -1128. List the prime factors of j.
73
Let r(n) = 3*n - 6*n**2 - 5*n + 7 - 12*n**3 + 13*n**3. Let o be r(6). List the prime factors of (104/10)/((-2)/o).
2, 13
Let g be 3/(2/(-7) - 155/(-665)). Let b = 20 - g. What are the prime factors of b?
7, 11
Let t(d) = 3*d**2 + 13*d - 1. Let m(s) = s**2 + 1. Let o(x) = -4*m(x) + t(x). Suppose -13*n + 91 = -13. What are the prime factors of o(n)?
5, 7
Suppose -5260 = -6*t + 4640. List the prime factors of t.
2, 3, 5, 11
Let z = -2220 + 4202. List the prime factors of z.
2, 991
Let c(r) = 26*r - 38. Let f(g) be the third derivative of 17*g**4/24 - 25*g**3/6 - 7*g**2. Let o(t) = -5*c(t) + 8*f(t). List the prime factors of o(4).
2, 7
Let m(b) = -3*b - 1 - 46*b**2 + 57*b**2 + 0. Let s be m(-2). Let v = 86 - s. List the prime factors of v.
37
Suppose 2*v = 3*v - 210. Suppose 5*p - v = -0*p. Suppose -5*z + 2*m = -p, 4*z - m - 46 = -13. List the prime factors of z.
2
Let n = 232 - 342. Let t = 80 - n. List the prime factors of t.
2, 5, 19
Suppose 13*d = 8*d + 15600. What are the prime factors of d?
2, 3, 5, 13
Let n = 13 - 13. Suppose n = 5*o - 0*o - 200. What are the prime factors of o?
2, 5
Suppose 4*v - 2*w = -14, -3*v + 4*w = 31 - 8. List the prime factors of (-3)/((-12)/401) - v/(-4).
2, 5
Let w be (-3 - 1)*(-76)/8. Suppose -3*m + w + 1 = 0. Suppose -11*k + m*k = 36. List the prime factors of k.
2, 3
Let t(l) = -l**2 - 3*l - 4. Let g(p) = -2*p**2 - 3*p - 4. Let c(q) = -6*g(q) + 5*t(q). List the prime factors of c(-3).
2, 29
Let a(p) = -3*p + 2*p**3 + 3*p**3 + 6*p**2 - 4 - 6*p**3 + 1. Let m(c) = 2*c - 4. Let g be m(4). List the prime factors of a(g).
17
Let k be 393/(-21) + 4/(-14). Suppose 16 = 4*y, 2*m + 0*m - y = -92. Let f = k - m. List the prime factors of f.
5
Suppose 3*x - 3937 = 18*g - 16*g, -3947 = -3*x + 4*g. What are the prime factors of x?
7, 11, 17
Let t = -78 + 74. What are the prime factors of (-12)/(-4) - (2 - (51 - t))?
2, 7
Let s be (-1)/2*(26 + -4). Let l = s - -14. Let i(o) = 2*o**3 - 3*o**2 + 3*o - 3. What are the prime factors of i(l)?
3, 11
Let r be (31/3)/(2/(-6)). Suppose -3*l - 171 = 3*z, 3*l + 195 = -2*z + 22. Let i = r - l. What are the prime factors of i?
2, 7
Let k(w) = 0*w - 12 + 3*w**2 + 2*w - 2*w**2. Suppose 5 = -35*z + 34*z. List the prime factors of k(z).
3
Let h = -316 + 203. Let p = 215 + h. What are the prime factors of p?
2, 3, 17
Let q = 10 - 6. Suppose -4*s = -c + 5, -4*s + 1 = -5*c + 10. What are the prime factors of (0 - c) + 46 - q?
41
Let m = 36 - 28. Suppose 3*f - 266 = -m. List the prime factors of f.
2, 43
Let b(n) = 3*n**3 + 13*n**2 - 57*n + 7. List the prime factors of b(7).
2, 7, 13
Suppose 11*b + 45 = 6*b. List the prime factors of 4/(-18) + (-281)/b.
31
Let m(o) = -o**2 + 4*o + 15. Let g be m(-7). What are the prime factors of 4 - (g - (-2 + 2))?
2, 3, 11
Let t(i) = 5*i**2 - 11*i - 7. What are the prime factors of t(-6)?
239
Let i = 84 - -59. Let r = 239 - i. What are the prime factors of r?
2, 3
Suppose 0 = -2*y - 5*x + 6*x + 577, 5*x = 5*y - 1435. What are the prime factors of y?
2, 5, 29
Suppose -4*u - 3*t = -7, 4*t = 5*u + t + 25. Let z = u - -4. Suppose -z*r = -r - 4*k - 3, 0 = -r + 2*k + 11. What are the prime factors of r?
19
Let p = -1380 + 1984. What are the prime factors of p?
2, 151
Suppose 5*x - 5*d = 10940, -8757 = -4*x - 6*d + 11*d. List the prime factors of x.
37, 59
Let s be 0 - (-56)/30 - 4/(-30). What are the prime factors of s/(-4) - 4/(40/(-945))?
2, 47
Let l = -6 + 3. What are the prime factors of 318/18 + 2/l?
17
Let x(g) = -g**2 + g. Let d be x(3). Let t(h) = 10*h + 7. Let j be t(-1). List the prime factors of (-62)/j*(-9)/d.
31
Suppose -3*j = -q - 1223, -15*j = -12*j - 3*q - 1233. What are the prime factors of j?
2, 7, 29
Let p be (-6 - -2)*(-67)/4. Suppose 10 = -2*t, 3*y + 0*y + 4*t - p = 0. Let r = 1 + y. What are the prime factors of r?
2, 3, 5
Let d = 29 + -25. Suppose -d*l + 72 = -128. Suppose 5*f + 15 - l = 0. What are the prime factors of f?
7
Let a = 42 - 23. Let l = a + -16. Suppose -2*o + 38 = 2*c, -2*o = -l*o - 3. List the prime factors of c.
2, 11
Let f(r) = r. Let b(k) = 40*k - 12. Let d(o) = b(o) - 6*f(o). List the prime factors of d(3).
2, 3, 5
What are the prime factors of 1/1*((-237)/(-1) - -3)?
2, 3, 5
Let g = 111 - -103. What are the prime factors of g?
2, 107
Let q = 52 - 56. Let z(v) = 4*v**2 + 8. List the prime factors of z(q).
2, 3
List the prime factors of ((-5)/8)/5 + 22566/48.
2, 5, 47
Suppose -15*w + 7*w = -7176. What are the prime factors of w?
3, 13, 23
Suppose -12 = 2*w + w. List the prime factors of 17 - (-3 + 10 + w).
2, 7
Suppose -3*h = -7*h + 2*r + 18, -h - 6 = 3*r. Suppose -32 = -h*q + 1. Suppose q*m = 13*m - 76. List the prime factors of m.
2, 19
Let n(b) = 18*b - b**2 + 2*b + 11 + 28. List the prime factors of n(20).
3, 13
Let z be 10/(-5) - 1*-4. Suppose 38 = 3*v - z*g - 48, -54 = -2*v + 2*g. What are the prime factors of v?
2
Suppose 0 = 16*d - 12*d - 12. Let w(s) = -s**3 + d*s**2 + 9 + 5*s**2 + 3*s - 2*s + 2*s**2. List the prime factors of w(10).
19
Let x(a) = -31*a**3 - a**2. Let f be x(1). List the prime factors of 82 - (f/12 - -2)*3.
2, 3, 7
Let h = -15 - -14. Let v be h/((-3)/2 + 1). Suppose 7 = -m + v*t + 27, -5*t - 32 = -m. List the prime factors of m.
2, 3
Suppose -11*i - 1006 = -2*y - 6*i, -5*i = -20. What are the prime factors of y?
3, 19
Let t(z) = 3 - 345*z**2 - 2 + z + 347*z**2 - 2*z. List the prime factors of t(11).
2, 29
Suppose 5*v = -0*v. Let g(n) = 3*n - 44. Let t be g(v). List the prime factors of t/(-286) - (-778)/13.
2, 3, 5
Suppose -6*m - 1326 = -3*k - 4*m, -5*k = 4*m - 2210. What are the prime factors of k?
2, 13, 17
Let t(v) = 26*v**2 + 9*v + 17. What are the prime factors of t(5)?
2, 89
Let a = 3017 + -1380. List the prime factors of a.
1637
Let h(y) = y**2 + 12*y + 4. Let j be h(-11). Let i = 10 + j. Suppose 2 = i*c - 4. What are the prime factors of c?
2
Suppose 14*l - 10*l = 40. List the prime factors of -104*l/4*(-24)/40.
2, 3, 13
Let a(x) = 12*x**2 - 9*x + 19. List the prime factors of a(-7).
2, 5, 67
Let j be (-1)/(-4) + 7/4. Let n(s) = -8*s - 2*s**3 + j*s**3 + 2*s**3 - 5*s**2 - 5 - s**3. What are the prime factors of n(7)?
37
Let k be 0 - 0 - 1080/(-4). Suppose a + 2*a = k. Suppose 5*x = 5*u - a, 0 = x + 5 - 1. What are the prime factors of u?
2, 7
Suppose -3*h - h + 8 = 0. What are the prime factors of (-8)/(-16)*236/h?
59
Let b be 1/1*1 + 26 + -12. Su